 u = 42 + -6. Suppose 2*k - 4 - 8 = 0. What is the greatest common divisor of k and u?
6
Suppose -20 = 5*i, 0 = -3*q - 7*i + 4*i - 6. Let c(g) = -g + 10. Let o be c(0). What is the greatest common divisor of q and o?
2
Let z be (-4)/14 - (-145)/(-7). Let j = 9 - z. Let n be (-656)/(-64) - 2*(-3)/(-24). What is the highest common divisor of j and n?
10
Let c be ((-380)/(-15))/(-2 - 21/(-9)). Calculate the highest common divisor of 38 and c.
38
Let m(y) = 5*y**2 + 3*y + 4. Let l(h) = -9*h**2 - 5*h - 7. Let t(v) = -4*l(v) - 7*m(v). Let o be t(-2). Calculate the greatest common factor of 18 and o.
6
Let f = -6 + 36. Suppose -2*a + 30 = a. Calculate the greatest common factor of a and f.
10
Let f = -1 + 2. Calculate the highest common factor of f and 1.
1
Suppose -4*w = s - 12, -3*s - 3*w = -8*s + 83. Let d(m) = -m**2 + 18*m - 23. Let x be d(s). What is the greatest common factor of x and 9?
9
Let u(o) = -36 + 16 + 18 - o. Let k be u(-5). Calculate the greatest common factor of k and 6.
3
Let x be (-4)/(-16) + (-6)/(-8). Suppose 0*m - x = m. Let c be m/(-4) - (-279)/4. Calculate the greatest common factor of c and 10.
10
Suppose 4*h + 60 = 4*x, 5*x = -4*h - 23 + 125. Calculate the highest common factor of 72 and x.
18
Let d(r) be the third derivative of -r**6/60 - r**5/15 - r**4/12 + r**3/6 + 3*r**2. Let z be d(-2). Calculate the greatest common factor of 10 and z.
5
Suppose -4*q = j + 8, q - 3 = 4*q. Let f = j + 7. Suppose -f*g + 104 - 41 = 0. What is the greatest common factor of g and 3?
3
Let y be ((-132)/(-8))/((-6)/(-8)). Let t be ((88/6)/(-4))/((-2)/36). Calculate the highest common divisor of y and t.
22
Suppose 10*f + 6 = 206. Calculate the highest common divisor of f and 220.
20
Let r(s) = 50*s**2 + s - 1. Let l be r(-1). Calculate the greatest common divisor of 6 and l.
6
Let m be (1/(-2))/(5/(-450)). What is the greatest common divisor of m and 30?
15
Suppose -2*h - 30 = -f, 4*f - h + 0*h = 85. Suppose -200 = -7*i + 2*i. What is the greatest common factor of f and i?
20
Suppose 2*z = 118 - 402. Let n be 4/(-14) - z/7. What is the greatest common factor of n and 20?
20
Suppose -2*l + l - w = 1, -l = -2*w - 11. Suppose 5*k - 89 = -29. Calculate the highest common factor of l and k.
3
Suppose 2*b + 30 = 7*b - 4*s, 3*s + 7 = -4*b. Calculate the greatest common divisor of 3 and b.
1
Suppose 3*t - 154 = t. Suppose b = -4*d - 25 + 67, -2*d + 24 = -b. What is the greatest common divisor of d and t?
11
Suppose -54*r = -56*r + 64. Calculate the highest common factor of r and 48.
16
Let i = 0 - 16. Suppose -6 + 3 = -3*m. Let y be i*5*m/(-4). What is the greatest common divisor of y and 5?
5
Let p = 67 + -38. Let o = 40 - p. Suppose 3*v - v - 22 = 0. What is the highest common factor of o and v?
11
Let d = 13 + -7. Let s be d/(-4)*60/(-18). Let m be -5*((-8)/s + -2). Calculate the highest common factor of 126 and m.
18
Let x be -1 + (-2)/(-1) + 99. Let y be ((-24)/15)/((-2)/x). Suppose 16 = 2*d - 0*d. What is the greatest common divisor of d and y?
8
Let h(u) = -u**3 + 8*u**2 - 4*u + 3. Let t be ((-4)/8)/(2/(-28)). Let c be h(t). What is the highest common divisor of 6 and c?
6
Let i = 10 + -7. Let w be (-11)/(-2) + 4/(-8). Suppose -w*n + 13 = i. What is the greatest common divisor of 22 and n?
2
Let n be 14/6 - 2/(-3). Suppose 2*z - n = 5. Suppose 12 = -p + z*p. What is the greatest common factor of p and 12?
4
Let z(y) = y**3 + 15*y**2 - 15*y + 14. Let a be z(-16). Let i be a + -1 + (9 - 1). Let x = 137 - 97. What is the highest common factor of x and i?
5
Suppose -6 = -11*s + 192. Calculate the greatest common factor of 45 and s.
9
Let g be 4/14 + (-24)/(-14). Suppose -2 - 1 = -c. Suppose 24 + 0 = c*x. Calculate the greatest common divisor of g and x.
2
Let m(d) = -31*d + 3. Let o be m(-2). Calculate the greatest common divisor of 13 and o.
13
Let d be ((-164)/(-16))/(2/24). Suppose -3*c = -d + 18. What is the greatest common divisor of 14 and c?
7
Let s = 81 + -56. What is the highest common divisor of s and 200?
25
Suppose 2*p + 0*p = -2*j + 40, -5*j + 70 = 3*p. Let w = p - 7. What is the greatest common divisor of 56 and w?
8
Suppose 0 = -3*h + h - 2. Let i = h - -2. Let z be 8*(i + 2/4). Calculate the highest common divisor of 132 and z.
12
Suppose -2*d - 464 = -5*v - 3*d, 4*d = -4. What is the highest common factor of v and 62?
31
Let g be (9/3)/((-3)/322). Let d = -217 - g. What is the highest common divisor of 15 and d?
15
Let c be (0/1 - 2)/(-2 - -1). What is the highest common divisor of c and 1?
1
Let q = 3 - -13. Suppose -r = -2 - 2. What is the highest common divisor of r and q?
4
Suppose -2 = b - 35. Calculate the highest common factor of b and 22.
11
Let i = 47 + -31. Let h(p) = p**2 + 5*p + 6. Let k be h(-5). Let w be (-39)/(-15) - k/10. Calculate the highest common factor of i and w.
2
Let d(b) = -b + 5. Let y be d(3). Let i be -1*y/2*-11. What is the highest common factor of i and 11?
11
Let b(c) = c**3 + 6*c**2 + 4*c - 2. Let d be b(-4). Let r be -3 + 0 + (d - -7). What is the greatest common divisor of 162 and r?
18
Suppose 12 = 2*q - 2. What is the greatest common divisor of 56 and q?
7
Let y = 9 + 5. Calculate the greatest common factor of y and 14.
14
Suppose -5*u + 7 = -3. Suppose 5*g - 70 = -2*x, 3*g + u*x = g + 34. Calculate the highest common factor of g and 12.
12
Let b(d) = d**3 - 7*d**2 + 10*d + 8. Let p be b(5). Let r = 71 + -31. Calculate the greatest common factor of r and p.
8
Suppose -10 = -0*w + 5*w. Let h be 4/2 - w/1. What is the greatest common factor of h and 36?
4
Let d(g) = 2*g + 12. Suppose 0 = 2*b - 0*b - 18. Let j be d(b). Calculate the highest common factor of j and 6.
6
Suppose -51 + 1 = -5*w. Let t = 4 + 6. What is the highest common factor of w and t?
10
Let r = -7 + 14. Let k(u) = -u**2 + 11*u - 8. Let a be k(r). Calculate the greatest common factor of 5 and a.
5
Let x(p) = p**2 + 6. Suppose -2*i - 2*i = 0. Let n be x(i). Suppose -4*b = -n*b - 2*f + 80, 4*f + 16 = 0. What is the greatest common factor of 4 and b?
4
Suppose 4*g + 2*y - 6 = 0, y + y + 15 = 3*g. Let l be ((-14)/8 + g)*12. Suppose 0*h - 40 = -4*h. What is the highest common divisor of l and h?
5
Suppose -4*v = 1 + 7. Let f(w) = 2*w. Let y(u) = -10*u - 1. Let i(x) = v*y(x) - 9*f(x). Let c be i(4). What is the highest common divisor of c and 2?
2
Suppose -4*x = -191 + 59. What is the highest common divisor of x and 3?
3
Let x be 0 + 1 + (70 - 7). Suppose 0 = -4*m + x + 32. Calculate the highest common divisor of 6 and m.
6
Let q be 5/10 - (-130)/4. Let l(c) = -c**3 + 6*c**2 + 5*c - 8. Let m be ((-12)/14)/(2/(-14)). Let g be l(m). What is the highest common divisor of q and g?
11
Suppose 6*r = 628 + 1280. Let p be 15/(-25) + r/5. Calculate the highest common divisor of 42 and p.
21
Let z(h) = -h**2 + 3*h - 2. Suppose -3*u = -6*u + 9. Let j be z(u). Let v be 0 + (-10)/(-1) + j. Calculate the highest common divisor of 8 and v.
8
Suppose -12*a + 17*a - 30 = 0. Suppose -31 = 4*r + 377. Let f = 150 + r. What is the greatest common factor of a and f?
6
Suppose -7 - 6 = -p. Calculate the highest common divisor of p and 117.
13
Suppose 4*q - 33 + 5 = 0. Suppose -q*r + 120 = -2*r. Let f be 11 + 1 + -2 + -2. What is the greatest common factor of r and f?
8
Suppose -4*u + j - 3*j + 642 = 0, -5*j - 488 = -3*u. What is the greatest common factor of u and 23?
23
Suppose -15 = 5*i, -3*i + 0*i = 3*k - 459. What is the greatest common divisor of 26 and k?
26
Let n = 157 - 85. Let q be (-4 - (3 - 3)) + 16. Calculate the highest common factor of q and n.
12
Let c be 2/(-6)*(-15 - -6). What is the highest common divisor of c and 12?
3
Suppose -5*s + 4*s + 264 = 0. What is the greatest common divisor of s and 33?
33
Let t(g) = -2*g + 1. Let n be t(-4). What is the greatest common divisor of 18 and n?
9
Let k = -3 - -8. Suppose -255 = -k*g + 25. Let f be (-1 + (-34)/(-6))*3. What is the highest common factor of g and f?
14
Let w = 4 - -8. Suppose 0 = -w*i + 9*i + 336. What is the highest common divisor of i and 14?
14
Let y = 7 - 5. Let g be (-2 - 0) + 1 + 0. Let i be (-11)/(g/2*y). What is the highest common factor of 11 and i?
11
Suppose -2*w = b - 37, -3*b - 7*w = -3*w - 109. What is the highest common factor of b and 7?
7
Let l = -26 - -13. Let p = l